*w + 13 = -l. Let a = c - 26. List the prime factors of a.
11
Let w(r) = 9*r**2 - 2*r + 2. Let h be w(1). Let t = h + 0. List the prime factors of t.
3
Let x(h) = -h - 4. Let c be x(-7). Suppose -2*q - c*q = -110. Suppose 2*d + 2*o - q = -2*d, -d - 2*o = -1. What are the prime factors of d?
7
Let a = 36 + -21. Let z be (6/a)/(1/5). Suppose -x - z = -3*x + 5*d, -4*x - d + 48 = 0. List the prime factors of x.
11
Let n(v) = -v**2 - 6*v + 2. Let s be n(-6). Let g = 63 + s. Suppose -9*x + 4*x + g = 0. What are the prime factors of x?
13
Let q = -11 + 39. Suppose 0 = -i + 4*i - 3*b - 96, -i = -5*b - q. What are the prime factors of i?
3, 11
Let j(i) = i**2 + 8*i + 8. Let g be j(-6). Let h be 7/((-7)/6) + -2. Let a = g - h. What are the prime factors of a?
2
What are the prime factors of (-762)/(-21) + 4/(-14)?
2, 3
Let z(g) = g - 2. Let b(r) be the third derivative of -r**4/6 + 3*r**3/2 + r**2. Let a(y) = -2*b(y) - 9*z(y). What are the prime factors of a(-3)?
3
Let c(s) = -s**2 + 7*s - 1. Let n be c(7). Let o = 6 + n. What are the prime factors of o?
5
Suppose 2 = 4*t - 3*t. What are the prime factors of t?
2
Suppose -3*i + 344 = i. What are the prime factors of i?
2, 43
Let x be 1 + 0 - (5 - 4). What are the prime factors of 2 - (-2 - x/1)?
2
Let f(o) be the first derivative of -o**4/4 + 4*o**3/3 + o**2 - 3*o + 1. Let g = -4 - -6. List the prime factors of f(g).
3
Let t be (-12)/(-18) - 10/(-3). Let q be 2/t*(-1 - -5). Suppose 3*v - 24 = 2*v + q*p, -4 = p. What are the prime factors of v?
2
Suppose 438 = 7*w + 4. List the prime factors of w.
2, 31
What are the prime factors of (1908/(-24))/(-1 + (-1)/(-2))?
3, 53
Suppose 0 = 8*j - 1706 + 698. What are the prime factors of j?
2, 3, 7
Let n(m) = -5*m**2 + m + 2. Let p be n(-3). Let o = -22 - p. What are the prime factors of o?
2, 3
Let j(i) = 4*i + 8. Let p be j(-6). Let q = 39 + p. What are the prime factors of q?
23
List the prime factors of 1/((-20)/(-6) - 3).
3
Suppose 5*x + 5 = 4*f - 3, 0 = 2*x + 3*f - 6. Let s be (4 + -5)/(3/(-6)). Suppose x = n + s*n - 12. List the prime factors of n.
2
Let c(l) = l**2 + l - 1. Let n be c(-2). What are the prime factors of ((-8)/(-24))/(n/12)?
2
Let u = 8 + -8. Suppose -7 = -u*h - h. List the prime factors of h.
7
Let n be 1536/18 - 2/6. Suppose 2*i + 2*a - 34 = 0, i - a = -4*i + n. What are the prime factors of i?
17
Suppose 5*z - 58 = 3*z. Suppose 0 = -5*g + 31 + z. What are the prime factors of g?
2, 3
Suppose -3*o = -9 - 0. Suppose -o*r + 3*f - 3 = 0, 1 = -2*r - f + 5. List the prime factors of -3*(3 - 8/r).
3, 5
Let v(j) = -j**2 + j. Let c be v(0). Suppose c = -3*x + 3 - 0. Let z = x + 5. List the prime factors of z.
2, 3
Let o(c) = -7*c + 5. Let m be o(-5). Suppose -8*x + 3*x = -m. List the prime factors of x.
2
Let r(q) = 2*q**2 + 13*q + 9. List the prime factors of r(-8).
3, 11
Suppose 0 = -6*k + 18*k - 372. What are the prime factors of k?
31
What are the prime factors of (-2)/(112/(-7889)) - (-1)/8?
3, 47
Let v = -43 - -27. What are the prime factors of ((-3)/(-6))/((-4)/v)?
2
Let k(n) = n**2 - 2*n - 13. Let j be k(6). Let y = 26 - j. What are the prime factors of y?
3, 5
Suppose 0 = -2*f - 4 - 0. What are the prime factors of (-207)/(-27) - f/(-3)?
7
Let a = 0 + 23. Let g = 0 + a. What are the prime factors of g?
23
Let z(y) = -y**2 - 7*y - 1. Let o be z(-6). Let s(n) = 2*n**2 - 4*n + 1. Let v(f) = 2*f**2 - 3*f. Let b(x) = 5*s(x) - 4*v(x). List the prime factors of b(o).
3, 5
Suppose -l - 15 = 2*l, 0 = -m + 2*l + 4. List the prime factors of (-2)/m - (-87)/9.
2, 5
Suppose 3*x = 5 + 4. List the prime factors of x.
3
Suppose y - 4*y + 357 = 0. What are the prime factors of y?
7, 17
Let z(j) = j**3 - 12*j**2 + 9*j + 34. List the prime factors of z(11).
2, 3
List the prime factors of (-9)/12 + (-107)/(-4).
2, 13
What are the prime factors of -14*7*(-4 + (-21)/(-6))?
7
What are the prime factors of -4 + 412 + 4 + -1?
3, 137
Suppose 4*y = 4 + 12. Suppose 4*d = l + 2*l - 12, 12 = l - y*d. Suppose -6*c - 5*r = -c - 5, l = -4*c - 3*r + 6. List the prime factors of c.
3
Let s(n) = -n**2 + n + 1. Let o be s(0). Suppose -2*w - 5 - o = 0. Let d = 5 + w. List the prime factors of d.
2
Suppose 0 = -4*a - 6 - 2. Let u be a + 0 + 1 + -3. What are the prime factors of (u/(-10) + 2)*5?
2, 3
Let n = 7 - 25. Let l = -7 - n. List the prime factors of l.
11
Let t(v) = 2*v**2 - 4*v - 5. Suppose 0 = 3*s + 2*s. Suppose 5*m + s - 20 = 0. List the prime factors of t(m).
11
Suppose a - 8 = 5*a. Let f be (3 + 3)/2 - -5. What are the prime factors of ((-6)/4)/(a/f)?
2, 3
Let r = 213 - 103. List the prime factors of r.
2, 5, 11
Let j = -2 + 20. List the prime factors of j.
2, 3
Let j(o) = -o**2 + 5*o - 3. Let c be j(5). Let r = c + 4. What are the prime factors of 3/6*r*6?
3
Suppose -z + 28 + 361 = 5*j, j + 5*z = 73. What are the prime factors of j?
2, 3, 13
Suppose -7 = 5*v - 27. Suppose 5*b - 30 = -2*u, -v*u - 25 = u. What are the prime factors of b?
2
Let m(y) = 3*y - 11. Let z be m(5). Suppose -z*o = 2*o - 96. What are the prime factors of o?
2
Suppose 4*c - 6*c + 300 = 0. List the prime factors of c.
2, 3, 5
Suppose 2*i + 0*q + 3*q - 34 = 0, 0 = i + q - 16. What are the prime factors of i?
2, 7
Let v(g) = -g**2 + 5*g - 5 - 6*g - 8*g + 1. Let y be v(-8). Suppose -y = r + 2*q - 28, 0 = r + 4*q - 32. List the prime factors of r.
2
Let s = -27 - -27. Suppose -4*x + x + 153 = s. List the prime factors of x.
3, 17
Let i = 73 - 7. List the prime factors of i.
2, 3, 11
Suppose r = 16 + 13. List the prime factors of r.
29
Let q be -3 - 2 - -3 - 11. What are the prime factors of 3/(-3)*(-2 + q)?
3, 5
Suppose 8 = 4*x - 2*x + h, -5*x - 10 = -5*h. Suppose -5*v + 31 = 2*w - 0*v, -x*v = -2*w - 4. Suppose w*a - 32 = -a. What are the prime factors of a?
2
Let n(q) = 6*q - 5. Let v(t) = -t - 1. Let b(z) = -n(z) + 6*v(z). What are the prime factors of b(-2)?
23
Suppose -4*x + 2 = -2*f - 2*x, -4*f + 5*x = -1. Let t = f + 8. List the prime factors of t.
2
Suppose 0 = -2*v + 6*v + 4*j - 280, 0 = -4*v + 5*j + 289. Suppose v - 3 = 4*u. List the prime factors of u.
17
Let d = 84 - 32. Let i = d + -35. List the prime factors of i.
17
Suppose -z + 3 = 0, 0*k = 3*k - 5*z - 1137. List the prime factors of k.
2, 3
Suppose -l = -91 + 19. What are the prime factors of l?
2, 3
Let s be (-12 - -6)*1/2. List the prime factors of -95*(17/(-5) - s).
2, 19
Suppose 7*d + 4*a = 4*d + 326, -3*d + 329 = a. List the prime factors of d.
2, 5, 11
Let g be (7/3)/(1/(-9)). Let o = -13 - g. Suppose -5*m + m + o = 0. What are the prime factors of m?
2
Let z(l) = -l**3 + 6*l**2 - l - 4. Suppose 6*q - 15 = 3*q. List the prime factors of z(q).
2
Let i = 3 + 0. Let b be 48*(-1 - -2) - i. Suppose 0*u = -3*u + b. List the prime factors of u.
3, 5
Suppose 0 = 6*h - 56 - 64. What are the prime factors of h?
2, 5
Let x = -24 + 39. Suppose -x = 5*p, 2*y = 5*y - 5*p - 159. What are the prime factors of y/9*6/4?
2
Suppose -2*n - 5*k - 5 = -0*k, 3*n + 3*k = 6. Suppose -n*z = -27 - 128. List the prime factors of z.
31
Let a = -311 + 550. List the prime factors of a.
239
Let h(j) = -j**3 - 7*j**2 - 3*j - 9. List the prime factors of h(-10).
3, 107
Let b = -7 - -7. Suppose b*w = -w + 14. List the prime factors of w.
2, 7
Let k be -9*3/12*12. Let a(x) = -21*x + 3. Let h be a(2). Let l = k - h. What are the prime factors of l?
2, 3
Let z = 11 + 19. List the prime factors of 522/z - 3/(-5).
2, 3
Let o(r) = -70*r**2 + 14*r + 14. Let s(d) = 23*d**2 - 5*d - 5. Let t(h) = -6*o(h) - 17*s(h). What are the prime factors of t(-1)?
29
What are the prime factors of 1*(28 - 2)*(2 + 7)?
2, 3, 13
Suppose 4*a = -4*h + 184, -5*a + 10*a - h - 224 = 0. List the prime factors of a.
3, 5
Suppose y + 5*l - 235 - 158 = 0, 0 = -2*l + 8. What are the prime factors of y?
373
Suppose -3*d + 21 + 225 = 0. List the prime factors of d.
2, 41
Let f = -11 - -7. Let g(u) = -u. Let s be g(f). Suppose -16 = -s*p + 24. List the prime factors of p.
2, 5
Let z be (9/6 - -1)*-6. Let t be 25 + (2 - 1 - 1). Let h = t + z. List the prime factors of h.
2, 5
Let x = -16 - -16. Suppose x = -h + 2 + 14. List the prime factors of h.
2
Let r(m) = -m**3 - 11*m**2 + 11*m - 3. Suppose 3*n + 33 = -4*k + 3*k, 0 = 5*n + k + 57. List the prime factors of r(n).
3
Suppose 0*c + c + 2 = 0, -l